ime factors of s(a).
5
Suppose 0 = -10*f - 13*f + 13133. List the prime factors of f.
571
Let g(h) = 2*h**3 - 6*h**2 - 12*h + 34. List the prime factors of g(8).
2, 17
Let v(m) = m**2 - 2. Let t be v(-12). Let d = t - 85. List the prime factors of d.
3, 19
Let m = -944 - -2154. What are the prime factors of m?
2, 5, 11
Suppose 0*l - 6 = -2*r - 2*l, 6 = 2*r - 4*l. List the prime factors of -5 - -9 - r*-1 - -2.
3
Let r(p) = p**2 + 21*p + 10. Let x be r(-12). Let l be (1/2)/(3/(-390)). Let u = l - x. What are the prime factors of u?
3, 11
Let u(n) = -42*n - 22. What are the prime factors of u(-4)?
2, 73
Let j be (2/3)/(2/6). Suppose -t - j*i - 46 = 0, 2*t + 4*i - 118 = 5*t. Let v = -20 - t. What are the prime factors of v?
2, 11
Suppose 3*p = f + 8 - 1, 5*f + 15 = -5*p. Suppose 3*m = 5*a + 13, p = -5*m + 3*a - 4. What are the prime factors of m/(-3) - 608/(-12)?
2, 13
Suppose -4*z - 8*f + 10 = -6*f, z + 3*f = 5. Suppose 0 = -3*q - h + 449, -2*q - h = z*h - 311. List the prime factors of q.
2, 37
Let z = 322 + -192. List the prime factors of z.
2, 5, 13
Suppose -7*z + 2*z - 3 = -x, 4*x - 12 = -5*z. Suppose -866 = -9*g + 4*g + 2*i, -4*g = x*i - 679. List the prime factors of g.
2, 43
Let a = 200 - 68. List the prime factors of a.
2, 3, 11
Suppose 9*x = 5*y + 4*x + 15, 0 = 5*x - 25. Suppose m - y*j = 58, -4 = -0*j - 2*j. What are the prime factors of m?
2, 31
Suppose -50*g = -48*g - 1020. List the prime factors of g.
2, 3, 5, 17
Let n(i) = -808*i - 11. What are the prime factors of n(-1)?
797
Suppose -2*t = 4*u - 18, 2*u + 5*t - 1 = -12. Suppose u*i - 252 = i. What are the prime factors of i?
2, 3, 7
Let t(y) = 3*y + 477. Let q be t(0). Let x = q - 275. What are the prime factors of x?
2, 101
Suppose 0 = -4*g + 2*v + 3*v - 51, 2*v - 51 = 5*g. Let y = g + 13. Suppose y*i - 167 = 3*s - 7, s = -2*i + 80. What are the prime factors of i?
2, 5
Let t(y) = -y**3 + 2*y**2 + 4*y + 3. Let u(j) = -j + 5. Let l be u(10). Let h = l - -3. What are the prime factors of t(h)?
11
Suppose -2*y - 10 = 0, -2*p + 0*y + y = -107. Let v be -7 + -24 - (-6 + 1). Let k = v + p. List the prime factors of k.
5
Let l = 207 - 295. Let n = l - -212. List the prime factors of n.
2, 31
Let l(y) = y**3 + 47*y**2 + 84*y + 135. What are the prime factors of l(-45)?
3, 5
Let j = 8 + -15. Let x be (j + 6)/((-1)/2). Suppose 0 = 2*t - 0*t - 5*m - 3, 0 = -x*t - m + 9. What are the prime factors of t?
2
Let d = -443 - -831. List the prime factors of d.
2, 97
Let z be 1368/14 + (-6)/(-21). Suppose 3*a - 86 = -74. Suppose a*o - 30 - z = 0. List the prime factors of o.
2
Let t(z) = -43*z**2 + 91*z**2 - 47*z**2 + 34. List the prime factors of t(-8).
2, 7
Let q(r) = -22*r + 43. What are the prime factors of q(-5)?
3, 17
Suppose 0 = 4*f - 35 + 111. Let h = f - -11. What are the prime factors of 678/24 - (-2)/h?
2, 7
Suppose -4*p - 6 = -b, 3*b - 2*p + 2 = -0*p. List the prime factors of (b - 0/1) + 104/1.
2, 3, 17
Let h(a) = 3*a**2 + 4*a + 38. List the prime factors of h(-26).
2, 3, 109
Suppose 0 = 3*x + 48 - 1380. What are the prime factors of x?
2, 3, 37
What are the prime factors of (-1 + 250/8)/(66/2904)?
11
Let n(y) be the third derivative of y**6/120 + 13*y**5/60 + 5*y**4/12 - 7*y**3/6 + 4*y**2. What are the prime factors of n(-12)?
17
Let n = 1550 - 226. What are the prime factors of n?
2, 331
Suppose 19*l + 13785 - 47833 = 0. List the prime factors of l.
2, 7
Let c = 29 + -16. Suppose -d + s = -36 - c, -51 = -d + 2*s. List the prime factors of d.
47
Let d(r) = -2*r**3 + 10*r**2 + 22*r + 29. What are the prime factors of d(-9)?
2099
Let p(r) be the second derivative of r**4/12 - r**3/2 - 6*r**2 + 13*r. What are the prime factors of p(9)?
2, 3, 7
Let m(t) = -t. Let p be m(0). Suppose p = -3*l + 16 + 56. Suppose 0*y + l = 4*y. List the prime factors of y.
2, 3
Suppose 0 = -3*x + 396 + 834. What are the prime factors of x?
2, 5, 41
Suppose 0 = -m + 3*x - 3 - 3, -m - 4*x = -15. Suppose m*z = 5*z - 84. What are the prime factors of z?
2, 3, 7
What are the prime factors of (-12 - -9)/((-3)/461)?
461
Let w(u) be the first derivative of 12*u**2 - 13*u + 4. Let q be w(7). List the prime factors of ((-8)/20)/((-1)/q).
2, 31
Let z be (-1)/(1 + 524/(-528)). Let b = z - -194. List the prime factors of b.
2, 31
Let x be (20 - (0 + 2)) + 2. Let c be (x/(-15))/(4/(-258)). Let q = -57 + c. What are the prime factors of q?
29
Let g = -31 - -27. Let n(x) = 20*x. Let b be n(-1). List the prime factors of (16/b)/(g/170).
2, 17
Suppose 0*g - 4*g + 28 = 0. Suppose -g*p = -245 - 21. List the prime factors of p.
2, 19
Let i(j) = -463*j - 114. What are the prime factors of i(-2)?
2, 7, 29
Suppose -4*b = -y + 4*y + 392, -3*b - y = 299. Let k = b + 142. What are the prime factors of k?
41
Let q = 61 - 31. Suppose -5*z + 0*z + q = 5*i, 3*i = -5*z + 22. Suppose 69 = z*d + d. What are the prime factors of d?
23
Let i be -2 - 5*(-16 + -3). Let y = 54 - i. Let r = 11 - y. List the prime factors of r.
2, 5
Suppose -g = -t + 2886, 6*g - 2*g - 14412 = -5*t. What are the prime factors of t?
2, 7, 103
Suppose -2*z = 2*j - 5*j + 41, 5*z - 59 = -2*j. Let d = 48 - 46. Suppose b = j + d. List the prime factors of b.
19
Suppose 5*i - 3437 = 1758. List the prime factors of i.
1039
Let h(d) = -2*d + 90. Let w be h(0). Suppose -11*x + w = -42. List the prime factors of x.
2, 3
Suppose 2709 = 2*f - 5*t, f - 1356 = 11*t - 9*t. What are the prime factors of f?
2, 3, 227
Let r = 145 + -55. Suppose -3*v = 5*m + r, -2*v - 7*m - 55 = -2*m. Let f = v + 58. List the prime factors of f.
23
Let s(q) = -8*q**3 - 2. Suppose 20 = 4*b + 4. Suppose 2*h + h = 3*f - 12, b*h + 4 = -2*f. List the prime factors of s(h).
2, 31
Suppose 29 = -3*z + 92. Suppose 50 = -6*x - 28. Let a = x + z. List the prime factors of a.
2
Let p(j) = -213 + 3*j**2 + 9*j - 187 + 369. List the prime factors of p(5).
89
Suppose -4*u + 2*u - 5*l + 1782 = 0, 2*u + 2*l = 1776. What are the prime factors of u?
2, 443
Let m(t) = -96*t + 16. Let k be m(-3). Let d = -198 + k. List the prime factors of d.
2, 53
Let y = -217 - -532. Suppose -4*k - t + y = 0, k - 4*t = 4*k - 233. List the prime factors of k.
79
Suppose 3*b + 15300 = 9*b. List the prime factors of b.
2, 3, 5, 17
Suppose 0 = 5*h - 7*h. Let l = 2 - h. What are the prime factors of (-270)/(-14) + l/(-7)?
19
Let y be (-2)/(-1*4/(-6)). Let x(n) = -40*n + 1. List the prime factors of x(y).
11
Let s(p) = -2*p. Suppose -2*g + 1 = -1. Let f be s(g). List the prime factors of 12/4*(13 + f).
3, 11
Let o be (-60)/18 + (-1)/(-3). Let m = o + 55. Suppose 5*t - m = 283. List the prime factors of t.
67
Let w = 174 + 132. Let r = -165 + w. List the prime factors of r.
3, 47
Suppose 8*y + 9235 = 13*y - 5*b, -2*b = -6. List the prime factors of y.
2, 5, 37
Let l(b) = -b**2 - 4*b + 11. Let h be l(-6). Let n = h + 44. Suppose -o + n = -16. What are the prime factors of o?
59
Let f = 571 - 334. List the prime factors of f.
3, 79
Let h = 890 + -1589. Let u = h - -497. What are the prime factors of u/(-22) + (-4)/22?
3
Suppose -2*m - o + 1983 = 0, 0 = 22*o - 26*o - 4. What are the prime factors of m?
2, 31
Suppose -4*b + 4*k - 8 = 0, 3*b = 4*b + 5*k + 20. What are the prime factors of (8/b)/(6/(-135))?
2, 3
Suppose -5*c + 24070 = -5*j, 4818 = 38*c - 37*c - 3*j. List the prime factors of c.
2, 3, 401
Let c(u) be the second derivative of -7*u**3 + 23*u**2/2 + 24*u. What are the prime factors of c(-4)?
191
Let c(x) = 7*x - 5 - 7 - 2 - 4*x. Let b be c(6). Suppose 9*a - b*a = 355. What are the prime factors of a?
71
Suppose w + 318 = -5*v, -v + w - 3*w = 60. List the prime factors of v/(-16)*(-261)/(-4).
3, 29
Suppose -725 = 4*z - 2049. What are the prime factors of z?
331
Let h(o) = 6*o**2 - 118*o - 66. What are the prime factors of h(33)?
2, 3, 11, 13
Let a be (14 - 8) + -1*1. Suppose 4*c = -a*s + 222 + 131, 3*c - 4*s - 257 = 0. What are the prime factors of c?
3, 29
List the prime factors of (-5 - -18 - 10) + 2711 + 0.
2, 23, 59
Let a = -109 + 169. Suppose 3*h = a + 69. What are the prime factors of h?
43
Let h = 24 - -45. Suppose 5*n = -9 + h. List the prime factors of n.
2, 3
Let q be (-7)/(-9) - 1 - (-80)/(-45). Let z(l) = l + 6. Let k be z(-5). What are the prime factors of (-80)/(-10) - k*q?
2, 5
Suppose 3*r = -5*l + l - 38, 15 = -5*r + 3*l